j + 30. Suppose -25*x = -4*x - 42. Let o(v) = x*w(v) + 11*f(v). What is o(4)?
-2
Let y(b) = 0*b + 5*b + 6*b**2 - 4*b - 8*b**2. Let a(u) = -7*u**2 - 2*u + 4. Let o(x) = a(x) - 4*y(x). Give o(6).
4
Let u(y) = -8*y + 22*y - 8*y - y. Suppose 0 = 2*b - 0*b - 20. Suppose -n + 6*n = -b. Give u(n).
-10
Let h(j) = -24*j + 10. Let z = -16917 - -16921. What is h(z)?
-86
Suppose 0 = 4*r - 3*r. Suppose 6*v - 3*v - 6 = r. Let f(n) = 3*n - 8*n - v*n**3 + 3*n + n**3. Determine f(-2).
12
Let d be 2184/(-1050) - (0 + 4/(-50)). Suppose -y = 3*n - 8, -y = -4*n + 2*y + 2. Let f(c) = 2*c**2 + n*c**2 + 14 - 13. Give f(d).
17
Let s(y) = -2*y**3 + 5*y**2 + 3*y - 2. Suppose 2404 + 188 = -8*a. Let m = -320 - a. Calculate s(m).
-38
Let b be (-9 - -7)/((-2)/3). Suppose b*q = 2*j + 2, -3*q + 2*j - j = -4. Suppose 5*h = 3*h + q. Let u(c) = -2*c**2 - c. Give u(h).
-3
Let q(d) = -2*d**2 - 23. Let b(r) = -r**3 - 19*r**2 + 19*r - 113. Let w(n) = b(n) - 6*q(n). What is w(-9)?
16
Let v(l) = l**3 - 5*l**2 - 6*l + 9. Let n(g) = 3*g + 33. Let a be n(-8). Suppose -6*m + 3 = -a. Suppose -1 = -4*c - 5*r + 8, -c + m*r = -12. Give v(c).
9
Let v(s) = -s**2 - 22*s - 45. Let w be v(-12). Let y(r) = r**2 + w - 46 - 37 - 8*r. Calculate y(9).
1
Let n be (14/8 + -2)/((-6)/(-168)). Let v(b) = 15*b**3 - 18*b**2 - 8*b + 9. Let l(i) = -13*i**3 + 16*i**2 + 7*i - 8. Let x(s) = n*l(s) - 6*v(s). Determine x(4).
-2
Let h(j) = 6*j - j - 4 - 4*j. Let p(m) = -7*m - 1. Let t(q) = 8*q + 1. Let c(f) = 6*p(f) + 5*t(f). Let i be c(-3). Determine h(i).
1
Suppose -87*k = -84*k. Suppose 0 = -u + 4*s + 383, 4*u - 1121 = u - 2*s. Let o(r) = r**2 - 370 - r + u - 3*r**2 + r**2. Determine o(k).
5
Let g(s) = -s**3 - s**2 + s - 9. Suppose 0 = -27*d + 32*d - 15. Suppose r = -18*j + 15*j - 3, -d*r = -3*j - 3. What is g(r)?
-9
Let c(k) = -7*k**3 + 93*k**2 - 2*k + 50. Let i(b) = b**3 - 12*b**2 - 1. Let y(m) = c(m) + 6*i(m). Calculate y(21).
2
Let h(o) = -10*o + 57. Let g(m) = -51*m + 8982. Let z be g(176). Calculate h(z).
-3
Let w(g) be the first derivative of g**3/3 + 15*g**2/2 + 46*g + 2165. Determine w(-10).
-4
Let i(v) = 10*v**2 + 69*v + 49. Let u(x) = 3*x**2 + 23*x + 16. Let o(l) = 2*i(l) - 7*u(l). Determine o(-22).
8
Let h(c) = -c + 40. Let p be h(37). Let d(w) = p*w + 4*w + 4*w - 13*w - 4. Determine d(-6).
8
Let x(n) be the first derivative of 16*n**3/3 - 9*n**2/2 - 2*n + 174. Let i(c) = c**2 - c. Let g(b) = -6*i(b) + x(b). Give g(-1).
11
Let r be 12/48 + (-22)/(-8). Suppose g + r*n - 14 = 0, -2*g + 0*n = -4*n + 22. Let d(s) = 2*s**2 + 2*s - 3*s**3 - 6 + 7 + 0. Determine d(g).
4
Let f(n) be the first derivative of n**3/3 - 2*n**2 - 27. What is f(5)?
5
Suppose -i - 3 = -2*b, -b = -3*b - 5*i + 33. Let q(p) be the third derivative of -p**4/24 - p**3/6 - 17*p**2 + 26*p. What is q(b)?
-5
Let d(x) be the second derivative of -7/3*x**3 - 5*x**2 + 1/20*x**5 + x**4 - 47 + 2*x. Give d(-13).
3
Let j(z) = -z**3 - 9*z**2 - 8*z - 20. Suppose -22*b + 8 = -u - 19*b, 5*u = -2*b - 40. Give j(u).
-20
Let o be 2 + ((-4)/2)/(-3 - -4). Suppose o = x + 31 - 30. Let r(s) = 22*s**3 - s**2 + s + 1. Calculate r(x).
-23
Let d(k) be the third derivative of k**6/360 + 7*k**5/120 - k**4/8 + 2*k**3/3 + 5*k**2 - 7. Let j(m) be the first derivative of d(m). Give j(-6).
-9
Let p(a) = -23 - 6 - 3 - 7 + 14*a + 37. What is p(-2)?
-30
Suppose -22*c - 42 + 86 = 0. Let i be (-36)/27 + 19/3 + c. Let m(x) be the second derivative of -x**4/12 + 2*x**3/3 + 5*x**2/2 + 2*x. Give m(i).
-16
Let c(y) be the first derivative of y**3/3 - y**2/2 - y - 3. Let t be (2 - ((-3 - 78) + 0)) + 0. Suppose -87*o = -t*o - 4. Give c(o).
-1
Suppose 0 = -18*u + 91*u + 229 + 209. Let z(r) = r**3 + 2*r**2 - 7*r + 10. Determine z(u).
-92
Let r = -470 + 479. Let f(w) = -r*w - 1405*w**2 + 1 + 699*w**2 + 707*w**2. Determine f(6).
-17
Let k(m) = -41*m**2 - 412*m - 10. Let j be k(-10). Let l(o) = -33*o + 340. Give l(j).
10
Let h(t) = t**3 - 2*t**2 + t + 12. Let q(b) = 3*b**3 - 15*b**2 - 7*b + 42. Let s(g) = 4*h(g) - q(g). Determine s(-7).
-71
Let n(p) = 243 - 19965*p + 39926*p + 5 - 19939*p. Determine n(-11).
6
Let w = -5283 - -5287. Let u(g) = g**3 - 6*g**2 + g + 1. Determine u(w).
-27
Let m(j) be the second derivative of 5*j**4/12 + j**3/3 - j**2 - 3887*j. Suppose 6 = o - 5*a, -o + 0*a = a. Calculate m(o).
5
Suppose -568*f + 1554 + 150 = 0. Let m(w) be the second derivative of -1/20*w**5 - 11/2*w**2 + 42*w - 3/4*w**4 + 0 + 4/3*w**f. Determine m(-10).
9
Let u(r) = r**3 + 12*r**2 - 25*r + 33. Suppose -3*w = 9, -i + w = -0*i + 11. Calculate u(i).
-9
Let w(r) be the first derivative of r - 14 + 1/2*r**2. Calculate w(-6).
-5
Let w(t) = -3*t - 7. Let g(f) = 4*f + 10. Let h(p) = -5*g(p) - 7*w(p). Let q(u) = 30*u - 4. Let j(y) = -3*h(y) + q(y). Give j(1).
26
Suppose -l - i = -512, -6*i - 5 = -7*i. Let c = -507 + l. Let h(x) be the first derivative of x**3/3 + 12*x + 1. Determine h(c).
12
Let m be 25/(-175) + ((-2)/7)/(-2). Let a(j) = 30*j + 37*j - 5 + 35*j + 51*j - 155*j. Determine a(m).
-5
Let y(t) = -t**2 - t + 1. Let q(d) = d**3 + 30*d**2 - 34*d - 91. Let b be q(-31). Suppose b*s - 11 = -3*z, s + 3 = 2*s + z. Determine y(s).
-1
Let w(r) = -1 - r - 2*r - r. Let t(n) = 7*n + 3. Let y = 515 + -510. Let a(x) = y*w(x) + 3*t(x). What is a(-6)?
-2
Let c(l) be the third derivative of -7*l**4/24 - 20*l**3/3 + 8263*l**2. Calculate c(-9).
23
Let a(t) = 4*t**2 - 5*t + 7. Let d be a(2). Suppose d = -v + 21. Suppose v*r = 5*r + 3. Let q(i) = 7*i**3 - i**2 + 2*i - 1. Determine q(r).
7
Suppose -18 = 2*v + 2*o - 20, 4*v - 20 = 4*o. Let g(d) be the second derivative of 1/3*d**v + 0 - 16*d + 1/2*d**2 + 1/12*d**4. What is g(-3)?
4
Let w(p) = -12*p - 87. Let g be w(-8). Suppose -4*i + l - 28 = -5, i + g = -3*l. Let m(n) = -n**3 - 6*n**2 + 2*n - 5. Give m(i).
-17
Suppose 24*b + 242 = 146. Let l(u) = 2*u**2 + u + 2 - 4*u**2 - u**3 - 2*u**2. Calculate l(b).
-2
Let p(k) = 2 + 4*k - 3*k + 0*k - 7. Let x be (-160)/(-35) + (-3)/(-7). Suppose d - 40 = -x*o, -8*o = -4*o - 2*d - 32. Give p(o).
3
Let s(m) = -43*m - 2025 + 91*m + 2063 - 32*m. Determine s(-2).
6
Let u be (-12 + 8)*(-2 + (-14)/4). Let i(k) = 19*k + u*k + 3 - 45*k - 6. Calculate i(5).
-23
Let v = -4104 - -4097. Let o(a) = -a**2 + 14. Give o(v).
-35
Let u(i) = -i**2 + 9*i - 6. Let k be u(8). Suppose -k*c + 33 = 37. Let s be -1 + 2 - 12/(c - 2). Let y(l) = -l**2 + 2*l - 3. What is y(s)?
-11
Suppose 91 = -2*f + 67. Let n(d) = d**2 + 15*d + 37. Determine n(f).
1
Suppose 23*d - 39 = 30. Let t(n) = n**2 - 2*n**2 + 6*n**3 - 2 - 5*n**d + 3. Give t(1).
1
Let d = -8833 + 8863. Let a(t) = t**2 - 31*t + 38. What is a(d)?
8
Let k(t) be the third derivative of 19*t**6/120 + t**4/6 + 5*t**3/6 + 609*t**2 - t + 1. Calculate k(-1).
-18
Let i(c) = 16*c + 22. Let o(s) = -22*s - 31. Let p(q) = 7*i(q) + 5*o(q). What is p(-8)?
-17
Suppose 4*z - 2*z = 0. Let a(c) = 4 + c**2 + z + 6*c - 3. Let m(r) = 7*r**2 + 359*r - 640. Let f be m(-53). What is a(f)?
-7
Let z(k) = 5*k**3 - 7*k**2 + 13*k + 18. Let n(j) = -2*j**3 - j - 1. Let l(h) = -3*n(h) - z(h). Give l(-9).
-87
Suppose 15 = 17*c - 12*c. Let x(b) = -2*b**3 - b**2 + 2*b + 3. What is x(c)?
-54
Let b(a) = -59*a**3 - 3*a**2 + 2. Let z be b(-1). Let q = 60 - z. Let k(p) be the first derivative of p**4/4 - p**2 + 2*p - 1. Determine k(q).
6
Let d(h) = 2351 + 2365 - 4691 - h**2 - 12*h. Calculate d(-14).
-3
Let z(i) = 10*i + 1. Suppose -8*r + 12 = -2*r. Suppose -r*t + 34 = 36. Determine z(t).
-9
Let n(j) = j**2 + 8*j - 35. Let r be n(-15). Suppose -r = -6*s - 58. Let i(g) = g**3 + g**2 - 2*g. Give i(s).
8
Let x(f) be the third derivative of -f**5/60 - f**4/2 + 5*f**3/3 - 3594*f**2. Calculate x(-12).
10
Let l(k) be the first derivative of -k**4/4 + 19*k**3/3 - 23*k**2/2 - 9*k + 1364. Give l(18).
-99
Let d be -3 + 4 + (-2)/(-1). Let p be 28/(-14)*(1 + -2)*1. Let c(g) = -p*g + g - 2 + 0. Calculate c(d).
-5
Let o(q) = 130 + 129 + 170 + 94 - 15*q - 617. Give o(-6).
-4
Let a(d) = 2*d**3 - 13*d**2 - 3*d - 24. Suppose -5*c + 7 = -4*n, -29 - 41 = -4*n - 6*c. Calculate a(n).
4
Let a = 3 + 0. Suppose -a*o + 1 = -2. Let t(q) = -6626 - 7*q - 6618 + 19869 - 6626. Determine t(o).
-8
Suppose -a - 3*h = -17, 12 = 3*a - 5*h - 95. Let b = a + -29. Let p(q) be the second derivative of -q**4/12 + q**3/6 + 9*q**2/2 + 7*q. Determine p(b).
9
Suppose -3*m = 14 - 